{"id":532,"date":"2015-10-12T16:19:00","date_gmt":"2015-10-12T14:19:00","guid":{"rendered":"https:\/\/hotel-atlantic.clienti7.editatest.com\/business\/?page_id=532"},"modified":"2015-10-12T16:19:00","modified_gmt":"2015-10-12T14:19:00","slug":"registrazione","status":"publish","type":"page","link":"https:\/\/hotel-atlantic.clienti7.editatest.com\/business\/registrazione.html","title":{"rendered":"Registrazione"},"content":{"rendered":"<h2>I membri del Club Atlantic hanno grandi vantaggi e proposte esclusive.<\/h2>\n<p class=\"lead\" class=\"lead\">&nbsp;<\/p>\n<p>Per ricevere in anteprima interessanti novit\u00e0, codici sconto ed offerte esclusive, e per rendere ancor pi\u00f9 personale la Sua esperienza all'Atlantic, si registri con noi.<\/p>\n<blockquote><p>Sar\u00e0 pi\u00f9 semplice ottenere le migliori quotazioni, prenotare con facilit\u00e0 e personalizzare il tuo soggiorno in base ai tuoi personali gusti, preferenze e desideri.<\/p><\/blockquote>\n<p>Pu\u00f2 registrarsi utilizzando la Sua email o effettuare la registrazione social con Facebook, Google o Twitter.<\/p>\n<blockquote><p>Acceder\u00e0 subito alla pagina \"I Miei Vantaggi\" in cui trover\u00e0 i contenuti esclusivi riservati ai membri del Club Atlantic.<\/p><\/blockquote>\n<h3>L'aspettiamo!<\/h3>\n","protected":false},"excerpt":{"rendered":"<p>I membri del Club Atlantic hanno grandi vantaggi e proposte esclusive. &nbsp; Per ricevere in anteprima interessanti novit\u00e0, codici sconto ed offerte esclusive, e per rendere ancor pi\u00f9 personale la Sua esperienza all'Atlantic, si registri con noi. Sar\u00e0 pi\u00f9 semplice ottenere le migliori quotazioni, prenotare con facilit\u00e0 e personalizzare il tuo soggiorno in base ai...  <a href=\"https:\/\/hotel-atlantic.clienti7.editatest.com\/business\/registrazione.html\" class=\"more-link\" title=\"Read Registrazione\">Read more &raquo;<\/a><\/p>\n","protected":false},"author":6,"featured_media":0,"parent":0,"menu_order":0,"comment_status":"closed","ping_status":"closed","template":"page-register.php","meta":[],"yoast_head":"<!-- This site is optimized with the Yoast SEO plugin v14.6.1 - https:\/\/yoast.com\/wordpress\/plugins\/seo\/ -->\n<title>Registrazione - Atlantic Business<\/title>\n<meta name=\"robots\" content=\"noindex, follow\" \/>\n<meta property=\"og:locale\" content=\"it_IT\" \/>\n<meta property=\"og:type\" content=\"article\" \/>\n<meta property=\"og:title\" content=\"Registrazione - Atlantic Business\" \/>\n<meta property=\"og:description\" content=\"I membri del Club Atlantic hanno grandi vantaggi e proposte esclusive. &nbsp; Per ricevere in anteprima interessanti novit\u00e0, codici sconto ed offerte esclusive, e per rendere ancor pi\u00f9 personale la Sua esperienza all&#039;Atlantic, si registri con noi. Sar\u00e0 pi\u00f9 semplice ottenere le migliori quotazioni, prenotare con facilit\u00e0 e personalizzare il tuo soggiorno in base ai... Read more &raquo;\" \/>\n<meta property=\"og:url\" content=\"https:\/\/hotel-atlantic.clienti7.editatest.com\/business\/registrazione.html\" \/>\n<meta property=\"og:site_name\" content=\"Atlantic Business\" \/>\n<script type=\"application\/ld+json\" class=\"yoast-schema-graph\">{\"@context\":\"https:\/\/schema.org\",\"@graph\":[{\"@type\":\"WebSite\",\"@id\":\"https:\/\/hotel-atlantic.clienti7.editatest.com\/business\/#website\",\"url\":\"https:\/\/hotel-atlantic.clienti7.editatest.com\/business\/\",\"name\":\"Atlantic Business\",\"description\":\"Un nuovo sito targato WordPress\",\"potentialAction\":[{\"@type\":\"SearchAction\",\"target\":\"https:\/\/hotel-atlantic.clienti7.editatest.com\/business\/?s={search_term_string}\",\"query-input\":\"required name=search_term_string\"}],\"inLanguage\":\"it-IT\"},{\"@type\":\"WebPage\",\"@id\":\"https:\/\/hotel-atlantic.clienti7.editatest.com\/business\/registrazione.html#webpage\",\"url\":\"https:\/\/hotel-atlantic.clienti7.editatest.com\/business\/registrazione.html\",\"name\":\"Registrazione - Atlantic Business\",\"isPartOf\":{\"@id\":\"https:\/\/hotel-atlantic.clienti7.editatest.com\/business\/#website\"},\"datePublished\":\"2015-10-12T14:19:00+00:00\",\"dateModified\":\"2015-10-12T14:19:00+00:00\",\"inLanguage\":\"it-IT\",\"potentialAction\":[{\"@type\":\"ReadAction\",\"target\":[\"https:\/\/hotel-atlantic.clienti7.editatest.com\/business\/registrazione.html\"]}]}]}<\/script>\n<!-- \/ Yoast SEO plugin. -->","_links":{"self":[{"href":"https:\/\/hotel-atlantic.clienti7.editatest.com\/business\/wp-json\/wp\/v2\/pages\/532"}],"collection":[{"href":"https:\/\/hotel-atlantic.clienti7.editatest.com\/business\/wp-json\/wp\/v2\/pages"}],"about":[{"href":"https:\/\/hotel-atlantic.clienti7.editatest.com\/business\/wp-json\/wp\/v2\/types\/page"}],"author":[{"embeddable":true,"href":"https:\/\/hotel-atlantic.clienti7.editatest.com\/business\/wp-json\/wp\/v2\/users\/6"}],"replies":[{"embeddable":true,"href":"https:\/\/hotel-atlantic.clienti7.editatest.com\/business\/wp-json\/wp\/v2\/comments?post=532"}],"version-history":[{"count":1,"href":"https:\/\/hotel-atlantic.clienti7.editatest.com\/business\/wp-json\/wp\/v2\/pages\/532\/revisions"}],"predecessor-version":[{"id":534,"href":"https:\/\/hotel-atlantic.clienti7.editatest.com\/business\/wp-json\/wp\/v2\/pages\/532\/revisions\/534"}],"wp:attachment":[{"href":"https:\/\/hotel-atlantic.clienti7.editatest.com\/business\/wp-json\/wp\/v2\/media?parent=532"}],"curies":[{"name":"wp","href":"https:\/\/api.w.org\/{rel}","templated":true}]}}